What is the units digit of h?
5
Suppose i + 3*i = -4*z - 32, -i - 4 = 0. Let g be z/14 - 204/21. Let l = g + 18. What is the units digit of l?
8
Suppose -2*g = 3*o - 23, -4*g + 3*o - 53 = -9*g. Suppose g = -2*u, n + u = 5*u + 46. What is the units digit of n?
6
Suppose 5*r = 6*r - 32. What is the tens digit of r?
3
Let n(q) = -5*q**3 - 2*q**2 - q - 2. Let h be n(-2). Suppose d - h = -0*d. What is the units digit of d?
2
Suppose -w + 40 = 2. What is the tens digit of w?
3
Let d = 77 + -53. What is the tens digit of d?
2
Let w = -45 - -179. What is the hundreds digit of w?
1
Suppose 48 = 2*h - 0*h. What is the units digit of h?
4
Suppose 0 = -5*q - 3*q + 32. What is the units digit of q?
4
Suppose 2*h + 2*u - 112 = 0, 5*h = 2*u - 0*u + 280. What is the units digit of h?
6
Suppose 9*j - 136 = 5*j. What is the units digit of j?
4
Let k = 5 + -3. Let o = 2 + k. What is the units digit of o?
4
Suppose -3*z + 3 = -4*i + 3*i, -4*i = -2*z - 8. Suppose i*o - 54 = -0*o. What is the units digit of o?
8
Suppose 5*m + 0*m + 4 = -l, 3*m = -4*l - 16. Suppose 4*h + 0*h + 48 = m. What is the units digit of (-6 + 0)/(9/h)?
8
Suppose -5*v = -4*v - 20. What is the units digit of v?
0
Suppose 0*o = 2*o + 4*u - 24, 5*u - 54 = -4*o. What is the units digit of o?
6
Suppose c + 4 = -k + 3, -2*k + 5*c = -12. What is the units digit of k?
1
Suppose -2*u = -u - 30. Suppose -2*g + u + 44 = 0. What is the units digit of g?
7
Suppose -3*t + 319 - 4 = 0. What is the units digit of t?
5
Suppose 0 = -3*f + f - c + 5, 0 = 3*c + 9. What is the units digit of 17 - -2*(5 - f)?
9
Suppose u + 0*q - q + 2 = 0, -2*u - 2*q + 16 = 0. Suppose 8 = -u*z + 5*z. Suppose z*k = 1 + 23. What is the units digit of k?
6
Let n(h) = -h - 2. Let k be n(5). Let q be (k/3 - -1)*6. What is the units digit of 0/(3 - 1) - q?
8
Suppose -2*u - 5*l + 12 = 0, -3*l = -3*u + 2*l - 7. What is the tens digit of (8/(-12))/(u/(-21))?
1
Suppose 5*u = -0*u + 15. Suppose 0 = -4*i + u*i + 17. What is the units digit of i?
7
Let i(n) = -n**2 - 2*n + 4. Let q be i(-4). What is the units digit of 37/3 + q/12?
2
Suppose -g + 6*i = 3*i + 3, 3*g - 2*i = -2. Suppose -3*p = -g - 6. Suppose p*q + v = 8, 2*v - 5*v - 42 = -5*q. What is the units digit of q?
6
Let b = 5 - 5. What is the tens digit of (-2)/(-4 + b)*98?
4
Let b(k) = -11*k + 79. What is the units digit of b(-20)?
9
Let d(q) = 12*q. Suppose 3 = 3*g - 4*l, -5*g - l = -3*l - 5. What is the units digit of d(g)?
2
Let u = 150 + -53. Suppose -33 - u = -5*y. What is the tens digit of y?
2
Suppose 5*z - 4*a - 57 = 0, z - 23 = 4*a - 9*a. What is the units digit of z?
3
What is the tens digit of 2/(-6) - 106/(-3)?
3
Let s(z) = -2*z**2 + 1. Let l be s(-1). Let v = -1 - l. Suppose -4*i + 20 = -v*i. What is the units digit of i?
5
Suppose -8 = 2*y - 4*j, 0 = 4*y - 5*j + 8 + 2. Suppose y = -a + 2, -2*v + 8 = -5*a + 26. What is the units digit of 3 + v - (-7 - 0)?
6
Let l = 39 - 23. Let t be -2*(-3)/(-6) - 1. What is the units digit of (3/t)/((-12)/l)?
2
Let n(r) = 30*r + 4. What is the tens digit of n(3)?
9
Let b = 83 - 46. Let r be 2 + (2 - (-1 - -3)). What is the units digit of r/(-5) + b/5?
7
Suppose 2*v + 126 = 4*v. Suppose -7*g - v = -4*g. What is the units digit of 44/7 - (-6)/g?
6
Let d be 2*(-1 - (-2 - 0)). Let q = d + 4. What is the units digit of q?
6
Let s(z) = z**2 + 9*z. Let k be s(-8). What is the units digit of 198/7 - k/(-28)?
8
Suppose 7 = 3*x - 23. What is the units digit of x?
0
Suppose 5*q - 1 = 19. Suppose 0*v - 60 = q*v. What is the units digit of ((-2)/3)/(2/v)?
5
Suppose -4*a = -7*a + 5*k, 5*k = 0. Suppose -b + 2*b - 7 = a. What is the units digit of b?
7
Suppose 75 = 3*k + 3*i, 6 = -3*i - 3. What is the units digit of k?
8
Let k = 7 - 5. Suppose -5*n - 1 = -11. Suppose -b - n = -4*q, 2*b + 4*q - 26 = k*q. What is the tens digit of b?
1
Suppose 0*w = 2*w - 2. Suppose 3*h + 15 = 6*h. Suppose 0 = -4*p + h*y + 37, -4*y = w + 3. What is the units digit of p?
8
Let b be 2*(3/(-2) - 1). Let m = 3 + -7. Let u = m - b. What is the units digit of u?
1
Let k(f) = 7*f - 12. What is the units digit of k(6)?
0
Let y = -242 + 443. What is the units digit of y?
1
Suppose 2*n - 13 - 13 = -3*w, 3*n = -5*w + 39. Let a = -2 + 2. What is the units digit of (n - (-2)/2) + a?
4
Suppose 32 = 4*q - 4*c, 3*c = 3*q - c - 28. Let p(o) = o**2 - 2. What is the units digit of p(q)?
4
Let s(t) = -t**2 + 2*t + 2. Let j be s(2). Let q = j - 0. What is the units digit of q?
2
Let z(f) = 32*f + 3. What is the units digit of z(7)?
7
Let p(l) = 9*l**2 + l + 5. What is the tens digit of p(3)?
8
Suppose 0 = 5*i - 2*i + 84. Let y = i + 69. What is the tens digit of y?
4
Suppose 3*w - 5 = -t, -3*w - t = -4*w - 5. Let b(v) = -v**3 - v**2 + v + 9. What is the units digit of b(w)?
9
Suppose 0*x = x + 69. Let o = 122 + x. Suppose -5*f + o = -i, 5*i + 4 = -11. What is the units digit of f?
0
Let w = 71 - 41. What is the tens digit of w?
3
Suppose 2*i - 715 = -5*h, 3*i - 2*h - 1092 = -3*h. What is the tens digit of i?
6
Let d(q) = 2*q**2 + 11*q + 4. Let l be 1*(0 + -9 + 2). Let k be d(l). Suppose -h - 4*h + k = 5*j, -2*j + 3*h + 5 = 0. What is the units digit of j?
4
Suppose -2*h - 15 + 80 = w, -3*w + 160 = 5*h. What is the units digit of h?
5
Let w(y) = -y + 39. What is the units digit of w(0)?
9
What is the tens digit of 9/(36/80) + 0?
2
Let c = 6 - 2. Suppose 4*w - 2*d = 18, 3*w + 1 + 13 = -c*d. What is the units digit of w?
2
Let l(p) = p**2 + 7*p + 6. Suppose k = -4*k - 40. Let b be l(k). Let s = b - 0. What is the units digit of s?
4
Let d be (-36)/(-9) - 0/2. What is the units digit of 19 - ((2 - d) + 1)?
0
Let s be (-6)/(-9) - (-10)/3. What is the tens digit of (-110)/(-6) - s/(-6)?
1
Suppose d + 1 = 0, 0 = -2*m + 3*d + 35 - 8. What is the units digit of m?
2
Let x be 9/6*8/3. Suppose w = 6*w + 2*s - 18, -5*w - s = -19. Suppose w*i - 68 = -4*h, -x*h + h = i - 47. What is the tens digit of h?
1
Let z = 12 + -5. Let u(y) = -y**2 + 1 - 1 + z*y. What is the units digit of u(6)?
6
Suppose x = 6*x - 195. Let u = -23 + x. What is the tens digit of u?
1
Suppose 5 + 3 = 2*u. Let g(b) = b**2 - b. Let y(l) = -3*l**2 + 9*l - 4. Let f(m) = u*g(m) + y(m). What is the tens digit of f(-7)?
1
Let a(v) = v**3 + 8*v**2 + 2*v + 2. Let y(h) = -h**3 - 7*h**2 - h - 3. Let d(j) = 3*a(j) + 4*y(j). What is the units digit of d(-5)?
9
What is the tens digit of 32/(((-8)/(-11))/4)?
7
Let o(j) = 5*j - 8. Let k = 15 - 8. What is the tens digit of o(k)?
2
Let l be 4754/(-10) - (-10)/25. Let o be l/(-20) + (-1)/(-4). Suppose f - o = -3*f. What is the units digit of f?
6
Suppose -693 = 7*i - 18*i. What is the units digit of i?
3
What is the units digit of -1*(3 + -24 + -4)?
5
Let r = 349 - 203. What is the hundreds digit of r?
1
Suppose -2*x = -4*x. Let t = -5 + x. What is the units digit of 7 + 0 - (t - -4)?
8
Let w(k) = -1 - 2 + 7 - k - 2. What is the units digit of w(-10)?
2
Let c = 10 - 7. Suppose c*g - 5*g = -16. What is the units digit of g?
8
Let i(z) = -z**3 + 3*z**2 - z + 1. Let n be i(2). Suppose n*y - 12 = 21. What is the tens digit of y?
1
Let p(v) = -v**3 - 10*v**2 - 2*v + 8. What is the units digit of p(-10)?
8
Let s(j) = -j**2 + 7*j - 4. Let y be 3 - 3/6*2. Suppose 0 = 5*f + 3*z - 10 - 12, 0 = 2*f - y*z - 12. What is the units digit of s(f)?
6
Let l be (-8)/52 - 84/(-39). Suppose 0 = -5*j + l*j + 12. What is the units digit of j?
4
Let t be (-6 + 4)/((-4)/(-66)). Let s = -20 - t. What is the tens digit of s?
1
Let f(j) = -j**3 + 5*j**2 + 9*j - 8. Suppose 5*v - 3 - 12 = 0. Suppose -5*r + 2*r + 14 = -2*c, 2*c = -v*r + 22. What is the tens digit of f(r)?
1
Let n(d) = d**3 + 7*d**2 + 7*d + 8. Let b be n(-6). Suppose 0 = -b*o + 21 - 49. What is the units digit of 6/(-4) - 147/o?
9
Let v(y) = -y**3 + 5*y**2 + 18*y - 2 - 36*y + 19*y. Let p = -7 - -12. What is the units digit of v(p)?
3
Let q be (26/(-4))/(1/(-2)). Let g = q - -8. What is the tens digit of g?
2
Suppose s + 0*s = n + 25, 4*s = -n + 75. What is the units digit of s?
0
Let k(o) = o**2 + 4*o + 13. What is the hundreds digit of k(-12)?
1
Suppose -a - a = 0. Suppose z - 7 - 7 = a. What is the units digit of z?
4
Let j be (50/(-15))/((-2)/6). Let d = 19 - 4. What is the units digit of 4/j + 69/d?
5
Let t = -11 + 15. Let k = 18 + t. What is the units digit 